{"id":182125,"date":"2022-08-17T20:18:41","date_gmt":"2022-08-18T01:18:41","guid":{"rendered":"https:\/\/errr-magazine.com\/?page_id=182125"},"modified":"2026-04-02T12:08:18","modified_gmt":"2026-04-02T18:08:18","slug":"we","status":"publish","type":"page","link":"https:\/\/errr-magazine.com\/english\/nosotrxs\/","title":{"rendered":"Our team"},"content":{"rendered":"<h3 class=\"wp-block-heading\">Our team<\/h3>\n\n\n\n<div class=\"wp-block-columns is-layout-flex wp-container-core-columns-is-layout-7503d02c wp-block-columns-is-layout-flex\">\n<div class=\"wp-block-column is-layout-flow wp-block-column-is-layout-flow\" style=\"flex-basis:50%\">\n<p class=\"has-text-align-left has-ibm-plex-mono-font-family\" style=\"font-size:11px\">Since 2008, we are a cultural platform that aims to create a space to celebrate, research, question and promote the visual arts, music and writing, without hierarchies or boundaries between disciplines.<\/p>\n\n\n\n<p class=\"has-ibm-plex-mono-font-family\" style=\"font-size:11px\">We have published more than 40 print editions of <strong><a href=\"https:\/\/errr-magazine.com\/english\/magazine\/\">ERRR MAGAZINE<\/a><\/strong>, sharing the work of more than three thousand visual artists and writers. All editions engage with photography, illustration, narrative, and poetry. <\/p>\n\n\n\n<p class=\"has-ibm-plex-mono-font-family\" style=\"font-size:11px\">We also do the&nbsp;<strong><a href=\"https:\/\/errr-magazine.com\/english\/prints\/\">ERRR PRINTS<\/a><\/strong>, our print platform to promote the work of illustrators and graphic artists.<br><br>With&nbsp;<strong><a href=\"https:\/\/errr-magazine.com\/english\/books\/\">ERRR BOOKS<\/a><\/strong>, our poetry and narrative label, we have accompanied authors in projects that find their form between experimentation and attention to detail.<\/p>\n\n\n\n<p class=\"has-ibm-plex-mono-font-family\" style=\"font-size:11px\">At ERRR, we have always been interested in juxtaposing images and words that, at first glance, have nothing to do with each other, but which, when they meet, create a new world: an unexpected conversation that could not exist otherwise.<\/p>\n\n\n\n<p class=\"has-ibm-plex-mono-font-family\" style=\"font-size:11px\">Music has its own place in our history: <strong>ERRR SOUNDS GOOD<\/strong>, our festival, has brought together musicians and sound projects from different latitudes to coexist on the same stage, far from the logic of massive lineups and closer to an intimate, curious, and participatory experience.<\/p>\n\n\n\n<p class=\"has-text-align-left has-ibm-plex-mono-font-family\" style=\"font-size:11px\">ERRR has also taken shape as exhibitions, workshops, readings, and other gatherings that connect creators and audiences in unexpected ways. For us, the magazine is both an archive and a laboratory, a place to experiment, make mistakes, discover, and share.<\/p>\n\n\n\n<div style=\"height:20px\" aria-hidden=\"true\" class=\"wp-block-spacer\"><\/div>\n<\/div>\n\n\n\n<div class=\"wp-block-column is-layout-flow wp-block-column-is-layout-flow\" style=\"flex-basis:50%\">\n<p class=\"has-ibm-plex-mono-font-family\" style=\"font-size:11px\"><a href=\"https:\/\/www.instagram.com\/yessimarquess\/\"><strong>Yessica Marques<\/strong><\/a><br>Distribution<br><br><strong><a href=\"https:\/\/www.instagram.com\/m_o_o_d_i_a_\">Monica Diaz<br><\/a><\/strong>Distribution<\/p>\n\n\n\n<p class=\"has-ibm-plex-mono-font-family\" style=\"font-size:11px\"><a href=\"https:\/\/www.instagram.com\/majoleeyescribe\/\"><strong>Mar\u00eda Jos\u00e9 Guerrero<br><\/strong><\/a>Distribution<br><br><a href=\"https:\/\/www.instagram.com\/andreabelmont_\/\"><strong>Andrea Belmont<br><\/strong><\/a>Co-founder and Co-editor<br><br><a href=\"https:\/\/www.instagram.com\/abelibanezg\/\"><strong>Abel Iba\u00f1ez G. <br><\/strong><\/a>Director, Editor and Designer<br><br>Contact<br><a href=\"mailto:info@errr-magazine.com\"><strong>info@errr-magazine.com<br><\/strong><\/a>Mexico \/\/ Australia<\/p>\n<\/div>\n<\/div>\n\n\n\n<div class=\"wp-block-columns is-layout-flex wp-container-core-columns-is-layout-28f84493 wp-block-columns-is-layout-flex\">\n<div class=\"wp-block-column is-layout-flow wp-block-column-is-layout-flow\" style=\"flex-basis:33.34%\">\n<figure class=\"wp-block-image size-large is-resized has-custom-border\"><img decoding=\"async\" width=\"683\" height=\"1024\" data-src=\"https:\/\/errr-magazine.com\/wp-content\/uploads\/2025\/09\/dclassic-2025-08-28-154150.979-683x1024.jpg\" alt=\"\" class=\"wp-image-192813 lazyload\" style=\"--smush-placeholder-width: 683px; --smush-placeholder-aspect-ratio: 683\/1024;border-radius:10px;aspect-ratio:3\/2;object-fit:cover;width:400px\" data-srcset=\"https:\/\/errr-magazine.com\/wp-content\/uploads\/2025\/09\/dclassic-2025-08-28-154150.979-683x1024.jpg 683w, https:\/\/errr-magazine.com\/wp-content\/uploads\/2025\/09\/dclassic-2025-08-28-154150.979-200x300.jpg 200w, https:\/\/errr-magazine.com\/wp-content\/uploads\/2025\/09\/dclassic-2025-08-28-154150.979-768x1152.jpg 768w, https:\/\/errr-magazine.com\/wp-content\/uploads\/2025\/09\/dclassic-2025-08-28-154150.979-1024x1536.jpg 1024w, https:\/\/errr-magazine.com\/wp-content\/uploads\/2025\/09\/dclassic-2025-08-28-154150.979-1365x2048.jpg 1365w, https:\/\/errr-magazine.com\/wp-content\/uploads\/2025\/09\/dclassic-2025-08-28-154150.979-scaled.jpg 1707w\" data-sizes=\"(max-width: 683px) 100vw, 683px\" src=\"data:image\/svg+xml;base64,PHN2ZyB3aWR0aD0iMSIgaGVpZ2h0PSIxIiB4bWxucz0iaHR0cDovL3d3dy53My5vcmcvMjAwMC9zdmciPjwvc3ZnPg==\" \/><\/figure>\n\n\n\n<p class=\"has-text-align-left has-ibm-plex-mono-font-family\" style=\"font-size:10px\">Inside pages of ERRR MAGAZINE No. 43<\/p>\n<\/div>\n\n\n\n<div class=\"wp-block-column is-layout-flow wp-block-column-is-layout-flow\" style=\"flex-basis:33.34%\">\n<figure class=\"wp-block-image size-large is-resized has-custom-border\"><img decoding=\"async\" width=\"1024\" height=\"681\" data-src=\"https:\/\/errr-magazine.com\/wp-content\/uploads\/2022\/07\/deerhoof_14170882698_o-1024x681.jpg\" alt=\"\" class=\"wp-image-179859 lazyload\" style=\"--smush-placeholder-width: 1024px; --smush-placeholder-aspect-ratio: 1024\/681;border-radius:10px;aspect-ratio:3\/2;object-fit:cover;width:400px\" data-srcset=\"https:\/\/errr-magazine.com\/wp-content\/uploads\/2022\/07\/deerhoof_14170882698_o-1024x681.jpg 1024w, https:\/\/errr-magazine.com\/wp-content\/uploads\/2022\/07\/deerhoof_14170882698_o-300x200.jpg 300w, https:\/\/errr-magazine.com\/wp-content\/uploads\/2022\/07\/deerhoof_14170882698_o-768x511.jpg 768w, https:\/\/errr-magazine.com\/wp-content\/uploads\/2022\/07\/deerhoof_14170882698_o-18x12.jpg 18w, https:\/\/errr-magazine.com\/wp-content\/uploads\/2022\/07\/deerhoof_14170882698_o-660x439.jpg 660w, https:\/\/errr-magazine.com\/wp-content\/uploads\/2022\/07\/deerhoof_14170882698_o-1000x665.jpg 1000w, https:\/\/errr-magazine.com\/wp-content\/uploads\/2022\/07\/deerhoof_14170882698_o-373x248.jpg 373w, https:\/\/errr-magazine.com\/wp-content\/uploads\/2022\/07\/deerhoof_14170882698_o.jpg 1500w\" data-sizes=\"(max-width: 1024px) 100vw, 1024px\" src=\"data:image\/svg+xml;base64,PHN2ZyB3aWR0aD0iMSIgaGVpZ2h0PSIxIiB4bWxucz0iaHR0cDovL3d3dy53My5vcmcvMjAwMC9zdmciPjwvc3ZnPg==\" \/><\/figure>\n\n\n\n<p class=\"has-text-align-left has-ibm-plex-mono-font-family\" style=\"font-size:10px\">ERRR SOUNDS GOOD presented Deerhoof and Xiu Xiu at Plaza Condesa, Mexico City.<\/p>\n<\/div>\n\n\n\n<div class=\"wp-block-column is-layout-flow wp-block-column-is-layout-flow\" style=\"flex-basis:33.34%\">\n<figure class=\"wp-block-image size-full is-resized has-custom-border\"><img decoding=\"async\" width=\"794\" height=\"529\" data-src=\"https:\/\/errr-magazine.com\/wp-content\/uploads\/2024\/11\/6636_10151563818734552_2105191647_n.jpg\" alt=\"\" class=\"wp-image-187983 lazyload\" style=\"--smush-placeholder-width: 794px; --smush-placeholder-aspect-ratio: 794\/529;border-radius:10px;aspect-ratio:3\/2;object-fit:cover;width:400px\" data-srcset=\"https:\/\/errr-magazine.com\/wp-content\/uploads\/2024\/11\/6636_10151563818734552_2105191647_n.jpg 794w, https:\/\/errr-magazine.com\/wp-content\/uploads\/2024\/11\/6636_10151563818734552_2105191647_n-300x200.jpg 300w, https:\/\/errr-magazine.com\/wp-content\/uploads\/2024\/11\/6636_10151563818734552_2105191647_n-768x512.jpg 768w\" data-sizes=\"(max-width: 794px) 100vw, 794px\" src=\"data:image\/svg+xml;base64,PHN2ZyB3aWR0aD0iMSIgaGVpZ2h0PSIxIiB4bWxucz0iaHR0cDovL3d3dy53My5vcmcvMjAwMC9zdmciPjwvc3ZnPg==\" \/><\/figure>\n\n\n\n<p class=\"has-text-align-left has-ibm-plex-mono-font-family\" style=\"font-size:10px\">Andrea Belmont's photography exhibition at Anonymous Gallery, Mexico City<\/p>\n<\/div>\n<\/div>\n\n\n\n<p><\/p>\n\n\n\n<p><\/p>\n\n\n\n<p class=\"has-text-align-left\">&nbsp;<\/p>","protected":false},"excerpt":{"rendered":"<p>Nosotrxs Desde 2008, somos una plataforma cultural que tiene como objetivo de generar un espacio para celebrar, investigar, cuestionar y promover las artes visuales, la m\u00fasica y la escritura, sin jerarqu\u00edas ni fronteras entre disciplinas. Hemos publicado m\u00e1s de 40 ediciones impresas de ERRR MAGAZINE, compartiendo el trabajo de m\u00e1s de tres mil artistas visuales [&hellip;]<\/p>\n","protected":false},"author":2641,"featured_media":0,"parent":0,"menu_order":0,"comment_status":"closed","ping_status":"closed","template":"","meta":{"_acf_changed":false,"cybocfi_hide_featured_image":"","footnotes":""},"class_list":["post-182125","page","type-page","status-publish","hentry"],"acf":[],"mb":[],"yoast_head":"<!-- This site is optimized with the Yoast SEO plugin v27.2 - https:\/\/yoast.com\/product\/yoast-seo-wordpress\/ -->\n<title>Nosotrxs - ERRR MAGAZINE<\/title>\n<meta name=\"robots\" content=\"index, follow, max-snippet:-1, max-image-preview:large, max-video-preview:-1\" \/>\n<link rel=\"canonical\" href=\"https:\/\/errr-magazine.com\/english\/we\/\" \/>\n<meta property=\"og:locale\" content=\"en_US\" \/>\n<meta property=\"og:type\" content=\"article\" \/>\n<meta property=\"og:title\" content=\"Nosotrxs - ERRR MAGAZINE\" \/>\n<meta property=\"og:description\" content=\"Nosotrxs Desde 2008, somos una plataforma cultural que tiene como objetivo de generar un espacio para celebrar, investigar, cuestionar y promover las artes visuales, la m\u00fasica y la escritura, sin jerarqu\u00edas ni fronteras entre disciplinas. Hemos publicado m\u00e1s de 40 ediciones impresas de ERRR MAGAZINE, compartiendo el trabajo de m\u00e1s de tres mil artistas visuales [&hellip;]\" \/>\n<meta property=\"og:url\" content=\"https:\/\/errr-magazine.com\/english\/we\/\" \/>\n<meta property=\"og:site_name\" content=\"ERRR MAGAZINE\" \/>\n<meta property=\"article:modified_time\" content=\"2026-04-02T18:08:18+00:00\" \/>\n<meta property=\"og:image\" content=\"https:\/\/errr-magazine.com\/wp-content\/uploads\/2025\/09\/dclassic-2025-08-28-154150.979-scaled.jpg\" \/>\n\t<meta property=\"og:image:width\" content=\"1707\" \/>\n\t<meta property=\"og:image:height\" content=\"2560\" \/>\n\t<meta property=\"og:image:type\" content=\"image\/jpeg\" \/>\n<meta name=\"twitter:card\" content=\"summary_large_image\" \/>\n<meta name=\"twitter:label1\" content=\"Est. reading time\" \/>\n\t<meta name=\"twitter:data1\" content=\"2 minutes\" \/>\n<script type=\"application\/ld+json\" class=\"yoast-schema-graph\">{\"@context\":\"https:\/\/schema.org\",\"@graph\":[{\"@type\":\"WebPage\",\"@id\":\"https:\/\/errr-magazine.com\/nosotrxs\/\",\"url\":\"https:\/\/errr-magazine.com\/nosotrxs\/\",\"name\":\"Nosotrxs - ERRR MAGAZINE\",\"isPartOf\":{\"@id\":\"https:\/\/errr-magazine.com\/#website\"},\"primaryImageOfPage\":{\"@id\":\"https:\/\/errr-magazine.com\/nosotrxs\/#primaryimage\"},\"image\":{\"@id\":\"https:\/\/errr-magazine.com\/nosotrxs\/#primaryimage\"},\"thumbnailUrl\":\"https:\/\/errr-magazine.com\/wp-content\/uploads\/2025\/09\/dclassic-2025-08-28-154150.979-683x1024.jpg\",\"datePublished\":\"2022-08-18T01:18:41+00:00\",\"dateModified\":\"2026-04-02T18:08:18+00:00\",\"breadcrumb\":{\"@id\":\"https:\/\/errr-magazine.com\/nosotrxs\/#breadcrumb\"},\"inLanguage\":\"en-US\",\"potentialAction\":[{\"@type\":\"ReadAction\",\"target\":[\"https:\/\/errr-magazine.com\/nosotrxs\/\"]}]},{\"@type\":\"ImageObject\",\"inLanguage\":\"en-US\",\"@id\":\"https:\/\/errr-magazine.com\/nosotrxs\/#primaryimage\",\"url\":\"https:\/\/errr-magazine.com\/wp-content\/uploads\/2025\/09\/dclassic-2025-08-28-154150.979-683x1024.jpg\",\"contentUrl\":\"https:\/\/errr-magazine.com\/wp-content\/uploads\/2025\/09\/dclassic-2025-08-28-154150.979-683x1024.jpg\"},{\"@type\":\"BreadcrumbList\",\"@id\":\"https:\/\/errr-magazine.com\/nosotrxs\/#breadcrumb\",\"itemListElement\":[{\"@type\":\"ListItem\",\"position\":1,\"name\":\"Portada\",\"item\":\"https:\/\/errr-magazine.com\/\"},{\"@type\":\"ListItem\",\"position\":2,\"name\":\"Nosotrxs\"}]},{\"@type\":\"WebSite\",\"@id\":\"https:\/\/errr-magazine.com\/#website\",\"url\":\"https:\/\/errr-magazine.com\/\",\"name\":\"ERRR MAGAZINE\",\"description\":\"\",\"potentialAction\":[{\"@type\":\"SearchAction\",\"target\":{\"@type\":\"EntryPoint\",\"urlTemplate\":\"https:\/\/errr-magazine.com\/?s={search_term_string}\"},\"query-input\":{\"@type\":\"PropertyValueSpecification\",\"valueRequired\":true,\"valueName\":\"search_term_string\"}}],\"inLanguage\":\"en-US\"}]}<\/script>\n<!-- \/ Yoast SEO plugin. -->","yoast_head_json":{"title":"Nosotrxs - ERRR MAGAZINE","robots":{"index":"index","follow":"follow","max-snippet":"max-snippet:-1","max-image-preview":"max-image-preview:large","max-video-preview":"max-video-preview:-1"},"canonical":"https:\/\/errr-magazine.com\/english\/we\/","og_locale":"en_US","og_type":"article","og_title":"Nosotrxs - ERRR MAGAZINE","og_description":"Nosotrxs Desde 2008, somos una plataforma cultural que tiene como objetivo de generar un espacio para celebrar, investigar, cuestionar y promover las artes visuales, la m\u00fasica y la escritura, sin jerarqu\u00edas ni fronteras entre disciplinas. Hemos publicado m\u00e1s de 40 ediciones impresas de ERRR MAGAZINE, compartiendo el trabajo de m\u00e1s de tres mil artistas visuales [&hellip;]","og_url":"https:\/\/errr-magazine.com\/english\/we\/","og_site_name":"ERRR MAGAZINE","article_modified_time":"2026-04-02T18:08:18+00:00","og_image":[{"width":1707,"height":2560,"url":"https:\/\/errr-magazine.com\/wp-content\/uploads\/2025\/09\/dclassic-2025-08-28-154150.979-scaled.jpg","type":"image\/jpeg"}],"twitter_card":"summary_large_image","twitter_misc":{"Est. reading time":"2 minutes"},"schema":{"@context":"https:\/\/schema.org","@graph":[{"@type":"WebPage","@id":"https:\/\/errr-magazine.com\/nosotrxs\/","url":"https:\/\/errr-magazine.com\/nosotrxs\/","name":"Nosotrxs - ERRR MAGAZINE","isPartOf":{"@id":"https:\/\/errr-magazine.com\/#website"},"primaryImageOfPage":{"@id":"https:\/\/errr-magazine.com\/nosotrxs\/#primaryimage"},"image":{"@id":"https:\/\/errr-magazine.com\/nosotrxs\/#primaryimage"},"thumbnailUrl":"https:\/\/errr-magazine.com\/wp-content\/uploads\/2025\/09\/dclassic-2025-08-28-154150.979-683x1024.jpg","datePublished":"2022-08-18T01:18:41+00:00","dateModified":"2026-04-02T18:08:18+00:00","breadcrumb":{"@id":"https:\/\/errr-magazine.com\/nosotrxs\/#breadcrumb"},"inLanguage":"en-US","potentialAction":[{"@type":"ReadAction","target":["https:\/\/errr-magazine.com\/nosotrxs\/"]}]},{"@type":"ImageObject","inLanguage":"en-US","@id":"https:\/\/errr-magazine.com\/nosotrxs\/#primaryimage","url":"https:\/\/errr-magazine.com\/wp-content\/uploads\/2025\/09\/dclassic-2025-08-28-154150.979-683x1024.jpg","contentUrl":"https:\/\/errr-magazine.com\/wp-content\/uploads\/2025\/09\/dclassic-2025-08-28-154150.979-683x1024.jpg"},{"@type":"BreadcrumbList","@id":"https:\/\/errr-magazine.com\/nosotrxs\/#breadcrumb","itemListElement":[{"@type":"ListItem","position":1,"name":"Portada","item":"https:\/\/errr-magazine.com\/"},{"@type":"ListItem","position":2,"name":"Nosotrxs"}]},{"@type":"WebSite","@id":"https:\/\/errr-magazine.com\/#website","url":"https:\/\/errr-magazine.com\/","name":"ERRR MAGAZINE","description":"","potentialAction":[{"@type":"SearchAction","target":{"@type":"EntryPoint","urlTemplate":"https:\/\/errr-magazine.com\/?s={search_term_string}"},"query-input":{"@type":"PropertyValueSpecification","valueRequired":true,"valueName":"search_term_string"}}],"inLanguage":"en-US"}]}},"jetpack-related-posts":[{"id":201700,"url":"https:\/\/errr-magazine.com\/english\/guia-de-exhibicion-y-venta\/","url_meta":{"origin":182125,"position":0},"title":"Gu\u00eda de exhibici\u00f3n y venta","author":"ERRR Magazine","date":"03\/05\/2026","format":false,"excerpt":"Gu\u00eda de exhibici\u00f3n y venta \u00a1Muchas gracias por formar parte de esta comunidad de espacios que celebran el caf\u00e9 y el pan, y apoyan el trabajo de artistas independientes! Te dejamos aqu\u00ed algunas ideas, informaci\u00f3n y recursos para ayudarte a exhibir, y compartir cada edici\u00f3n de las ERRR PRINTS, y\u2026","rel":"","context":"Similar post","block_context":{"text":"Similar post","link":""},"img":{"alt_text":"","src":"https:\/\/i0.wp.com\/errr-magazine.com\/wp-content\/uploads\/2026\/03\/WhatsApp-Image-2026-03-03-at-16.29.33-copy.jpg?resize=350%2C200&ssl=1","width":350,"height":200,"srcset":"https:\/\/i0.wp.com\/errr-magazine.com\/wp-content\/uploads\/2026\/03\/WhatsApp-Image-2026-03-03-at-16.29.33-copy.jpg?resize=350%2C200&ssl=1 1x, https:\/\/i0.wp.com\/errr-magazine.com\/wp-content\/uploads\/2026\/03\/WhatsApp-Image-2026-03-03-at-16.29.33-copy.jpg?resize=525%2C300&ssl=1 1.5x"},"classes":[]}],"jetpack_sharing_enabled":true,"mfb_rest_fields":["title","yoast_head","yoast_head_json","jetpack-related-posts","jetpack_sharing_enabled"],"_links":{"self":[{"href":"https:\/\/errr-magazine.com\/english\/wp-json\/wp\/v2\/pages\/182125","targetHints":{"allow":["GET"]}}],"collection":[{"href":"https:\/\/errr-magazine.com\/english\/wp-json\/wp\/v2\/pages"}],"about":[{"href":"https:\/\/errr-magazine.com\/english\/wp-json\/wp\/v2\/types\/page"}],"author":[{"embeddable":true,"href":"https:\/\/errr-magazine.com\/english\/wp-json\/wp\/v2\/users\/2641"}],"replies":[{"embeddable":true,"href":"https:\/\/errr-magazine.com\/english\/wp-json\/wp\/v2\/comments?post=182125"}],"version-history":[{"count":138,"href":"https:\/\/errr-magazine.com\/english\/wp-json\/wp\/v2\/pages\/182125\/revisions"}],"predecessor-version":[{"id":203505,"href":"https:\/\/errr-magazine.com\/english\/wp-json\/wp\/v2\/pages\/182125\/revisions\/203505"}],"wp:attachment":[{"href":"https:\/\/errr-magazine.com\/english\/wp-json\/wp\/v2\/media?parent=182125"}],"curies":[{"name":"wp","href":"https:\/\/api.w.org\/{rel}","templated":true}]}}