{"version":"1.0","provider_name":"ERRR MAGAZINE","provider_url":"https:\/\/errr-magazine.com\/english","author_name":"Sierra Contreras","author_url":"https:\/\/errr-magazine.com\/english\/author\/ferucha12\/","title":"Me qued\u00f3 con Febrero - ERRR MAGAZINE","type":"rich","width":600,"height":338,"html":"<blockquote class=\"wp-embedded-content\" data-secret=\"Mraqn25goq\"><a href=\"https:\/\/errr-magazine.com\/english\/me-quedo-con-febrero\/\">Me qued\u00f3 con Febrero<\/a><\/blockquote><iframe sandbox=\"allow-scripts\" security=\"restricted\" src=\"https:\/\/errr-magazine.com\/english\/me-quedo-con-febrero\/embed\/#?secret=Mraqn25goq\" width=\"600\" height=\"338\" title=\"&#8220;Me qued\u00f3 con Febrero&#8221; &#8212; ERRR MAGAZINE\" data-secret=\"Mraqn25goq\" frameborder=\"0\" marginwidth=\"0\" marginheight=\"0\" scrolling=\"no\" class=\"wp-embedded-content\"><\/iframe><script>\n\/*! This file is auto-generated *\/\n!function(d,l){\"use strict\";l.querySelector&&d.addEventListener&&\"undefined\"!=typeof URL&&(d.wp=d.wp||{},d.wp.receiveEmbedMessage||(d.wp.receiveEmbedMessage=function(e){var t=e.data;if((t||t.secret||t.message||t.value)&&!\/[^a-zA-Z0-9]\/.test(t.secret)){for(var s,r,n,a=l.querySelectorAll('iframe[data-secret=\"'+t.secret+'\"]'),o=l.querySelectorAll('blockquote[data-secret=\"'+t.secret+'\"]'),c=new RegExp(\"^https?:$\",\"i\"),i=0;i<o.length;i++)o[i].style.display=\"none\";for(i=0;i<a.length;i++)s=a[i],e.source===s.contentWindow&&(s.removeAttribute(\"style\"),\"height\"===t.message?(1e3<(r=parseInt(t.value,10))?r=1e3:~~r<200&&(r=200),s.height=r):\"link\"===t.message&&(r=new URL(s.getAttribute(\"src\")),n=new URL(t.value),c.test(n.protocol))&&n.host===r.host&&l.activeElement===s&&(d.top.location.href=t.value))}},d.addEventListener(\"message\",d.wp.receiveEmbedMessage,!1),l.addEventListener(\"DOMContentLoaded\",function(){for(var e,t,s=l.querySelectorAll(\"iframe.wp-embedded-content\"),r=0;r<s.length;r++)(t=(e=s[r]).getAttribute(\"data-secret\"))||(t=Math.random().toString(36).substring(2,12),e.src+=\"#?secret=\"+t,e.setAttribute(\"data-secret\",t)),e.contentWindow.postMessage({message:\"ready\",secret:t},\"*\")},!1)))}(window,document);\n\/\/# sourceURL=https:\/\/errr-magazine.com\/wp-includes\/js\/wp-embed.min.js\n<\/script>","description":"Me qued\u00f3 con Febrero. Si me preguntar\u00e1n, con que mes me qued\u00f3 de este a\u00f1o que est\u00e1 por pasar. Yo responder\u00eda que Febrero. Febrero me dio la oportunidad de crecer laboralmente en un trabajo que me gustaba mucho Me dio la oportunidad de conocer personas incre\u00edbles, Festejar el cumplea\u00f1os de alguien que se convertir\u00eda en [&hellip;]"}

Me quedó con Febrero - ERRR MAGAZINE

<blockquote class="wp-embedded-content" data-secret="Mraqn25goq"><a href="https://errr-magazine.com/english/me-quedo-con-febrero/">Me quedó con Febrero</a></blockquote><iframe sandbox="allow-scripts" security="restricted" src="https://errr-magazine.com/english/me-quedo-con-febrero/embed/#?secret=Mraqn25goq" width="600" height="338" title="&#8220;Me quedó con Febrero&#8221; &#8212; ERRR MAGAZINE" data-secret="Mraqn25goq" frameborder="0" marginwidth="0" marginheight="0" scrolling="no" class="wp-embedded-content"></iframe><script>
/*! This file is auto-generated */
!function(d,l){"use strict";l.querySelector&&d.addEventListener&&"undefined"!=typeof URL&&(d.wp=d.wp||{},d.wp.receiveEmbedMessage||(d.wp.receiveEmbedMessage=function(e){var t=e.data;if((t||t.secret||t.message||t.value)&&!/[^a-zA-Z0-9]/.test(t.secret)){for(var s,r,n,a=l.querySelectorAll('iframe[data-secret="'+t.secret+'"]'),o=l.querySelectorAll('blockquote[data-secret="'+t.secret+'"]'),c=new RegExp("^https?:$","i"),i=0;i<o.length;i++)o[i].style.display="none";for(i=0;i<a.length;i++)s=a[i],e.source===s.contentWindow&&(s.removeAttribute("style"),"height"===t.message?(1e3<(r=parseInt(t.value,10))?r=1e3:~~r<200&&(r=200),s.height=r):"link"===t.message&&(r=new URL(s.getAttribute("src")),n=new URL(t.value),c.test(n.protocol))&&n.host===r.host&&l.activeElement===s&&(d.top.location.href=t.value))}},d.addEventListener("message",d.wp.receiveEmbedMessage,!1),l.addEventListener("DOMContentLoaded",function(){for(var e,t,s=l.querySelectorAll("iframe.wp-embedded-content"),r=0;r<s.length;r++)(t=(e=s[r]).getAttribute("data-secret"))||(t=Math.random().toString(36).substring(2,12),e.src+="#?secret="+t,e.setAttribute("data-secret",t)),e.contentWindow.postMessage({message:"ready",secret:t},"*")},!1)))}(window,document);
//# sourceURL=https://errr-magazine.com/wp-includes/js/wp-embed.min.js
</script>

Me quedó con Febrero. Si me preguntarán, con que mes me quedó de este año que está por pasar. Yo respondería que Febrero. Febrero me dio la oportunidad de crecer laboralmente en un trabajo que me gustaba mucho Me dio la oportunidad de conocer personas increíbles, Festejar el cumpleaños de alguien que se convertiría en [&hellip;]
